 5*z + 23, 4*b + z = -5 + 10. Let m(x) = 2*x**2 + 4*x - 3. What is m(b)?
13
Suppose -94 = -10*u - 44. Let z(j) = 45 - 59 - j - u. What is z(-17)?
-2
Let t = 430 + -413. Suppose t*v = 43*v + 364. Let f(w) = w**2 + 14*w - 3. Give f(v).
-3
Let x(n) = -3*n**2 - 11*n - 7. Let y(h) be the first derivative of h**3/3 + 3*h**2/2 + 2*h + 36. Let c(a) = -2*x(a) - 9*y(a). Determine c(-3).
-16
Let t = -126 + 128. Suppose 0 = -3*s + 4*j + 6, 0 = t*s - 3*j + 2*j + 1. Let q(a) = -a**3 - 3*a**2 - 3*a - 3. Calculate q(s).
-1
Let t be 17/(-1*(-14)/(-14)). Let l(h) = -2*h**2 - 35*h - 12. Calculate l(t).
5
Let p(w) = -61*w**2 - 5*w - 5. Let l be (-9)/(234/212) - 4/(-26). Let j(b) = -41*b**2 - 3*b - 3. Let q(n) = l*j(n) + 5*p(n). Determine q(-1).
23
Let b be 33/((-4)/26 - 332/(-1144)). Let d(c) = -3*c + 2*c + 232 - b. Give d(10).
-20
Let a(v) = -24*v**2 - 2*v + 0*v - 3 - v**3 - 25*v**2 + 44*v**2 - 2*v. Let n(t) = -t + 4. Let z be n(7). What is a(z)?
-9
Let w(m) be the first derivative of m**2 - 2*m - 3749. Calculate w(0).
-2
Let y(m) = -m - 1. Let g(k) = 13*k**2 - 5*k - 1. Let z(d) = 2*d**2 - d - 1. Let v(s) = g(s) - 6*z(s). Let j(l) = -v(l) - 5*y(l). Give j(5).
-5
Let c(b) = 6 + b**2 + 1104*b - 381*b - 363*b - 378*b. Calculate c(19).
25
Let q(o) = -53*o**2 + 42*o - 55. Let m(j) = 29*j**2 - 22*j + 27. Let w(x) = 11*m(x) + 6*q(x). Give w(-12).
-9
Let j(q) = -3*q - 7. Suppose -22*n + 24*n = 5*b + 19, 0 = 4*n + b - 5. Give j(n).
-13
Let w = -255 + 251. Let p be 4*27/144*w. Let z(m) = -2*m**2 - 1. Calculate z(p).
-19
Let o(j) = -j**2 + 11*j + 11 + 14 + 15 + 10 - 57. Let l(c) = c**3 - 5*c**2 - 3*c - 13. Let p be l(6). Calculate o(p).
23
Let b(j) be the third derivative of j**6/360 + j**5/120 + j**4/6 + 9*j**3/2 + 111*j**2. Let k(l) be the first derivative of b(l). Calculate k(-3).
10
Let o = -119 - -121. Suppose -23 = 25*t + o. Let b(q) = 5*q**2 - 2*q - 1. Determine b(t).
6
Let a(r) be the first derivative of -r**3/3 + 9*r**2/2 + 25*r - 8966. Let k = 18 + -7. Determine a(k).
3
Let s(r) = 2*r + 3 - r**2 + 3 - 2 + 0. Let p(q) = -q**2 + 3*q - 5. Let y be p(2). Let m be (3/2)/((y/(-8))/(-1)). Determine s(m).
-20
Let a = 4610 + -4623. Let b(w) = w**2 + 15*w - 1. Calculate b(a).
-27
Let f(b) = -8*b**3 - 10*b**2 + 70*b - 64. Let x = -503 - -507. Let c(p) = 3*p**3 + 3*p**2 - 24*p + 21. Let k(l) = x*f(l) + 11*c(l). What is k(5)?
5
Let d(v) = -v**3 - 22*v**2 + 3*v + 71. Let x be d(-22). Let b(j) = j**2 + 3*j + 1. Calculate b(x).
41
Let n(b) = -b**2 + 10*b + 11. Let a(h) = 10*h - 77. Let c be a(8). Suppose 31 - 55 = -c*k. What is n(k)?
27
Let a(z) be the second derivative of z**6/120 - 2*z**5/15 - z**4/6 + 2*z**3 + 24*z**2 + 18*z + 1. Let u(c) be the first derivative of a(c). Determine u(8).
-20
Let l(h) = h**2 - 7*h + 7. Let t be l(7). Let u be (28/t)/(2/3). Let g(n) = -u + n - 3 + 7 - n**3. Determine g(0).
-2
Let z be 18/162 - 88/(-18). Let o(m) be the first derivative of -1/2*m**2 - 1/3*m**3 + z*m - 5. Determine o(-4).
-7
Suppose 2632 = 2*q + 2628. Let b(d) = -3*d**q + 10*d**2 + 5 - 4*d**2 - 8*d - 2*d**2. Give b(8).
5
Let q(p) = -p**3 + 5*p**2 - 2*p - 7. Let g be -38 - -55 - (-1 + 15). Give q(g).
5
Suppose 4*r - 22 = 5*m, 5*r - 44 = -m - m. Suppose 4*f = -5*c - 49 + r, -14 = f + 2*c. Let d(p) = -2*p. What is d(f)?
8
Let z(g) be the second derivative of -20*g - 1/6*g**3 + 0 - g**2. What is z(-5)?
3
Let c(x) be the second derivative of 5*x**3/3 + 21*x**2 + 976*x - 3. Calculate c(8).
122
Let i(h) = 100*h + 2*h**2 + 96*h + 84*h - 3 - 3*h**2 + 93*h - 370*h. Let d = -5 - -9. What is i(d)?
-7
Let c(g) be the third derivative of g**8/20160 + 7*g**5/10 + g**2 + 80. Let v(d) be the third derivative of c(d). What is v(4)?
16
Let z(u) = 45*u**2 - 30*u - 1. Let p(y) = 127*y**2 - 85*y - 3. Let a(n) = -6*p(n) + 17*z(n). Let k be 2 + 0 + (-2 - -2). Suppose 4*b = k*b + 2. Calculate a(b).
4
Let x(y) = -y**3 - 2*y**2 + 3*y + 3. Suppose 0 = -0*p + 2*p + 4*w + 110, 0 = 4*p + w + 255. Let c = p - -96. Let l = c + -33. Determine x(l).
-3
Let k(w) = w**2 - 6*w + 1. Let s(l) = 46*l - 1. Let u be s(1). Let y = -205 - -212. Suppose -u = -y*g - 3. Calculate k(g).
1
Let g(h) = 7*h**2 + 9*h + 1. Let j be 7*15/21*12/(-10). Let r(p) = -6*p**2 - 8*p. Let m(n) = j*r(n) - 5*g(n). Calculate m(-4).
-1
Let n(v) = 0*v + 7*v + 0*v + 1. Suppose -5*r + 3*h = 564, -2*h - 118 = -69*r + 70*r. Let p = -113 - r. Determine n(p).
8
Let f = 129 + -127. Suppose 118*l = 119*l - f. Let m(s) = -3 - l*s + s - 1 - 2*s. What is m(-3)?
5
Suppose 3 = -2*g - g. Let s(p) be the third derivative of -7*p**6/360 - 4*p**3 + 4*p**2 + 7*p. Let f(l) be the first derivative of s(l). Determine f(g).
-7
Let g(m) = -16*m - 155. Let i be g(-10). Let k(t) = 2*t - t**2 + 2*t - i - t + 4. Give k(2).
1
Let g(p) be the first derivative of -68 - 1/2*p**2 + 12*p. Determine g(6).
6
Let n(s) = 3*s + 50. Let k be -9 + 9 + -10 + 7 + 3. Give n(k).
50
Let u(z) = 15*z + 1. Let w(t) = -12*t - 43. Let v be w(-6). Suppose 39 - v = 10*q. Determine u(q).
16
Let f(j) be the first derivative of -j**5/60 + j**4/6 - 2*j**3/3 + 11*j**2 + 41. Let u(p) be the second derivative of f(p). Let x = -215 - -218. Determine u(x).
-1
Let d = -70 + 77. Let m(g) = -4*g + 4. Let b(x) = 2*x + 7. Let l be b(-5). Let f(h) = -5*h + 3. Let j(t) = l*m(t) + 2*f(t). Give j(d).
8
Let a(l) = l**2 + 12*l - 26. Suppose -10*b = 2893 - 2763. Determine a(b).
-13
Let u(d) = d**3 + 9*d**2 - 7*d - 17. Let j be 9/(-21) + -1*780/91. What is u(j)?
46
Let g(w) be the second derivative of w**5/10 - w**4/12 + w**3/3 - 3*w**2 - w + 156. What is g(3)?
45
Let j(v) = -2*v + 36. Let w be ((-308)/(-56) - (5 + (-1)/(-1)))*-28. Give j(w).
8
Let t(d) = 52*d - 294 - 5*d - 164 - 57*d. What is t(-46)?
2
Let j be 5 - 5 - (-42)/7. Let o(n) = n**2 - 7*n + 7. What is o(j)?
1
Suppose 2*t - 4*t = -8. Let l(c) = 7 + 2*c - 4*c - 5 + t*c. Let u(y) = y**3 - 8*y**2 + 7*y + 3. Let z be u(7). What is l(z)?
8
Let w(o) = o**3 - 5*o**2 - o. Let s be w(5). Let h(z) = 2*z**2 - 13*z - 29. Let k(a) = 3*a**2 - 22*a - 45. Let p(f) = -8*h(f) + 5*k(f). Determine p(s).
12
Suppose 0 = -7*m + 16100 - 16275. Let v(l) = -l**2 - 25*l - 40. Give v(m).
-40
Let r(u) = -212*u**3 - 25*u**2 - 49*u + 25. Let f(s) = 121*s**3 + 13*s**2 + 28*s - 13. Let b(q) = 7*f(q) + 4*r(q). Let o = 22 - 31. What is b(o)?
9
Let a(w) = w**3 + 18*w**2 - 61*w + 36. Let k = -23070 - -23049. Determine a(k).
-6
Let l(s) = -6*s**3 + s**2 - 2*s + 1. Let h = 242 + -263. Let x be -3 + 68/28 + (-33)/h. Give l(x).
-6
Let h be -6 - -15*12/30. Let j(q) = -2*q**2 + 4 - 6 - q + 0*q**2 + 3*q**2. Calculate j(h).
-2
Let r(l) = 44*l**3 - 27*l**2 + 18*l - 34. Let g(u) = 19*u**3 - 13*u**2 + 8*u - 16. Let q(p) = -7*g(p) + 3*r(p). Give q(10).
-10
Let w(d) be the third derivative of -d**5/15 - d**4/24 + 9*d**3/2 + 11422*d**2. What is w(0)?
27
Let v(d) = d - 5. Let j(t) = t**3 - 12*t**2 - 32*t - 38. Let a be j(14). Let x = 90 + a. Determine v(x).
-9
Suppose 0 = -3*l + 4*l - 12. Let g be 22/(-18) + 3 + 12/54. Let z(s) = -5*s**2 - s + 2*s**2 - 2*s**2 + l*s**g. Give z(2).
26
Let v(y) = -4667 + 15*y + 9337 - 4671 - y**2. Calculate v(10).
49
Let i(u) = -11*u - 128. Let y(w) = -23*w - 280. Let c(q) = -13*i(q) + 6*y(q). Give c(2).
-6
Let c(x) = -2*x**3 + 48*x**2 + 2*x - 54. Suppose 74 = 3*q + 2*i, -18*i = 5*q - 13*i - 125. What is c(q)?
-6
Let r(d) = d**2 - 4*d - 7. Let v(i) be the first derivative of i**4/4 + i**3/3 - 7*i**2 - 3*i - 97. Let h be v(-4). Give r(h).
-2
Let q(w) = -7*w - 25*w + 17*w + 8*w**2 - 53 - 6*w**2. What is q(-3)?
10
Let q(v) = 4*v - 14. Suppose 4*r = 4*b + 88, -15*r - b = -14*r - 18. Suppose 165*g = 169*g - r. Calculate q(g).
6
Let k(g) = -g**2 - 3. Let b(w) = w**3 - 7*w**2 + 4*w - 10. Let z(h) = b(h) - k(h). What is z(5)?
-12
Suppose 0 = -g - 3*r - 12, -5*g - r - 27 = 3*r. Let v(f) be the first derivative of f**2 + 42077. Give v(g).
-6
Suppose 3*u + 24 = 11*u. Suppose -4*f + 16 = -u*f + 4*q, 2*q - 8 = 2*f. Let d(a) = -a + 33. Calculate d(f).
33
Let m = 502 + -328. Suppose -178*j + m*j + 12 = 0. Let y(g) = -2*g**2 + 3*g + 2. Give y(j).
-7
Let k(o) be the third derivative of -o**6/120 + 3*o**5/10 - 17*o**4/24 - 3*o**3 - 2*o**2 + 465*o. Calculate k(17).
-18
Let d(k) = 4*k**2 + 10*k + 9. Suppose 19*y - 29 = -48. Let f(z) = -z**2 + z + 1. Let p(q) = y*d(q) - 3*f(q). Give p(-11).
10
Let